*r + 30. Determine z(59).
207
Let r(q) = q**3 + 26*q**2 + 30*q + 59. Determine r(-24).
491
Let y(x) = 21*x + 29. Determine y(-2).
-13
Let i(k) = -k**2 + 157*k - 6051. Calculate i(68).
1
Let n(w) = -18*w - 158. What is n(-9)?
4
Let o(l) = 37*l + 16. Give o(2).
90
Let d(g) = -6*g**3 - 56*g**2 - 20*g - 7. Determine d(-9).
11
Let p(y) = 6*y + 10. Give p(-16).
-86
Let j(l) = -14*l**2 - 1049*l + 71. Give j(-75).
-4
Let i(r) = -74*r + 1651. Determine i(29).
-495
Let c(n) = 1809*n + 65130. Calculate c(-36).
6
Let y(n) = 5*n**2 - 17*n - 16. Determine y(-1).
6
Let v(b) = -b**2 - 13*b + 71. Determine v(-20).
-69
Let y(k) = 7*k**2 - 1074*k - 7857. Determine y(-7).
4
Let f(b) = -141*b - 970. Calculate f(-7).
17
Let s(y) = -2*y**2 + 115*y - 391. What is s(54)?
-13
Let l(a) = 5*a + 52. Calculate l(-10).
2
Let p(q) = -3*q**3 + 82*q**2 - 31*q + 55. Calculate p(27).
-53
Let u(r) = r**2 + r - 2449. Determine u(-50).
1
Let y(d) = -4*d**2 - 142*d - 1081. Determine y(-8).
-201
Let n(z) = z**3 + 5*z**2 - z - 50. Calculate n(-5).
-45
Let s(b) = -121*b + 13931. Give s(115).
16
Let x(w) = -2*w**2 + 67*w - 455. Determine x(28).
-147
Let j(v) = -v**2 + 59*v - 393. Determine j(8).
15
Let q(o) = -2*o**2 + 40*o + 7. Determine q(20).
7
Let y(h) = -176*h**2 + 8621*h + 128. What is y(49)?
-19
Let z(t) = -97*t**2 - 368*t - 13. Give z(-4).
-93
Let q(u) = -381*u - 40377. Calculate q(-106).
9
Let w(j) = -j**3 + 143*j**2 + 142*j + 323. Calculate w(144).
35
Let r(f) = -2*f**2 + 13*f + 87. Calculate r(14).
-123
Let o(k) = -5*k**2 - 664*k - 1190. Give o(-131).
-11
Let q(z) = 51*z - 485. Calculate q(10).
25
Let j(m) = -m**3 + 58*m**2 + 456*m - 59. Determine j(65).
6
Let n(k) = -4*k**2 + 435*k + 557. Calculate n(110).
7
Let o(m) = 197*m + 24238. Calculate o(-123).
7
Let y(f) = f**3 - 150*f**2 + 9*f - 1380. Determine y(150).
-30
Let j(b) = -4*b**2 + 134*b - 1923. Give j(17).
-801
Let k(b) = 6*b + 99. Give k(59).
453
Let s(n) = -80*n + 1127. Calculate s(14).
7
Let b(m) = m**3 - 25*m**2 + 2*m + 17. Give b(25).
67
Let p(t) = -t**3 + 30*t**2 + 30*t - 17. What is p(31)?
-48
Let r(j) = 6*j**3 - 330*j**2 - 83. What is r(55)?
-83
Let m(z) = -z**3 - 43*z**2 + 2*z + 96. What is m(-43)?
10
Let w(y) = 8*y - 116. Calculate w(25).
84
Let o(h) = 6*h**2 - 35*h + 36. What is o(1)?
7
Let w(g) = 18*g - 1560. What is w(79)?
-138
Let o(l) = -150*l - 13. Determine o(1).
-163
Let c(w) = -503*w + 14079. Calculate c(28).
-5
Let r(h) = h**3 - 40*h**2 + 26*h - 78. Give r(40).
962
Let v(i) = 2*i**2 + 9*i + 5. What is v(-5)?
10
Let n(x) = x**3 + 12*x**2 - 18*x + 193. What is n(-15)?
-212
Let d(j) = -22*j**3 + 131*j**2 + 34*j - 182. What is d(6)?
-14
Let n(b) = b**3 - 8*b**2 - 94*b - 126. Calculate n(14).
-266
Let b(h) = -h**3 - 90*h**2 - 93*h - 354. Give b(-89).
2
Let b(h) = h**3 - 5*h**2 + 7*h - 102. Calculate b(8).
146
Let g(j) = -8*j**2 + 143*j + 40. Give g(21).
-485
Let o(x) = -7*x**2 + 10*x + 12. Give o(-4).
-140
Let v(g) = g**3 + 9*g**2 + 2*g. Give v(-8).
48
Let y(f) = 703*f - 697. What is y(1)?
6
Let s(m) = 75*m + 2401. Calculate s(-32).
1
Let v(x) = -12*x - 7. Calculate v(8).
-103
Let r(g) = -2*g**2 - 20*g - 46. What is r(-10)?
-46
Let l(d) = d**3 + 59*d**2 + 126*d + 677. What is l(-57)?
-7
Let t(m) = -4*m**2 - 396*m - 785. What is t(-2)?
-9
Let o(m) = m**2 - 145*m - 2581. Determine o(-16).
-5
Let m(i) = -11107*i + 66644. What is m(6)?
2
Let p(v) = 2*v**3 - 207*v**2 + 503*v + 145. Calculate p(101).
-57
Let g(p) = -3*p**2 + 178*p - 2372. Determine g(39).
7
Let c(h) = 2977*h - 32692. Calculate c(11).
55
Let z(v) = 16*v - 233. Calculate z(-12).
-425
Let g(k) = -2*k**3 + 17*k**2 - 14*k - 2. Give g(6).
94
Let f(k) = -10*k**2 - 167*k + 56. Give f(-17).
5
Let h(s) = 76*s - 4330. Give h(56).
-74
Let y(i) = -i**2 + 5*i - 15. Determine y(2).
-9
Let f(j) = -3211*j + 6477. Determine f(2).
55
Let j(b) = -b**2 - 761*b - 6032. Give j(-8).
-8
Let u(s) = 387*s + 151. Determine u(0).
151
Let y(u) = u**3 - 80*u**2 + 162*u - 498. Calculate y(78).
-30
Let u(l) = l**3 - 59*l**2 - 388*l - 125. Determine u(65).
5
Let q(n) = -3*n**3 + 14*n**2 + 46*n - 4. Give q(8).
-276
Let p(t) = t**3 - 7*t**2 - 10*t + 50. Determine p(3).
-16
Let c(i) = -4*i**2 - 24*i + 11. Determine c(-14).
-437
Let a(x) = 2*x**3 - 4*x. Calculate a(2).
8
Let u(g) = -g**2 + 53*g + 423. Calculate u(-7).
3
Let n(h) = -380*h - 1149. Determine n(-3).
-9
Let k(r) = 2*r**3 - 30*r**2 + 37*r - 120. Calculate k(14).
6
Let x(s) = -s**2 + 43*s - 309. Determine x(14).
97
Let s(o) = -195*o - 579. Determine s(-3).
6
Let d(i) = -1439*i + 4325. Determine d(3).
8
Let s(z) = -618*z + 3640. Calculate s(6).
-68
Let k(o) = 3*o**2 + 142*o - 116. What is k(-48)?
-20
Let q(j) = -j**2 + 7*j + 180. Determine q(-10).
10
Let t(p) = -5*p**2 + 15*p - 11. Determine t(2).
-1
Let b(a) = -a**3 + 23*a**2 - 51*a + 84. Determine b(21).
-105
Let a(d) = -12*d + 952. What is a(73)?
76
Let x(i) = -2*i**3 - i**2 + 68*i + 173. Give x(-3).
14
Let v(h) = 96*h + 694. Determine v(-6).
118
Let s(r) = 36*r**2 + 9612*r + 4. What is s(-267)?
4
Let w(x) = -11*x**2 + 79*x - 85. Calculate w(6).
-7
Let u(c) = 3*c**3 - 31*c**2 + 37*c - 8. What is u(9)?
1
Let y(m) = 41*m**3 + 250*m**2 + 24*m + 9. What is y(-6)?
9
Let t(g) = 17*g**2 + 120*g - 22. What is t(-8)?
106
Let w(h) = 19*h - 176. Calculate w(9).
-5
Let s(u) = -6*u + 476. What is s(76)?
20
Let n(h) = -h**3 + 27*h**2 + 93*h - 47. Determine n(30).
43
Let j(x) = 19*x + 397. Give j(-18).
55
Let w(g) = -2*g**3 - 17*g**2 + 565*g + 4553. Calculate w(-8).
-31
Let q(p) = p**3 + 5*p**2 - 289*p - 594. Determine q(-2).
-4
Let s(c) = -c + 45. Give s(24).
21
Let h(b) = 44*b + 782. What is h(-18)?
-10
Let n(i) = 3*i**3 + 8*i + 28. Calculate n(-2).
-12
Let j(r) = 2*r**3 - 10*r**2 - 3*r - 61. Give j(6).
-7
Let v(p) = -p**2 + 20*p + 8. Calculate v(8).
104
Let y(m) = -123*m - 43. Give y(-1).
80
Let c(r) = -40*r**2 + 1407*r - 247. Give c(35).
-2
Let t(q) = 4*q**3 - 99*q**2 - 34*q + 193. What is t(25)?
-32
Let k(h) = 56*h + 537. Determine k(-11).
-79
Let p(l) = -6*l**3 - l - 9. Determine p(-4).
379
Let d(p) = -p**3 - 10*p**2 + 45*p - 11. Determine d(3).
7
Let c(p) = 1493*p + 4487. Determine c(-3).
8
Let y(z) = -179*z + 645. Calculate y(4).
-71
Let r(o) = -99*o - 14548. Give r(-147).
5
Let c(g) = -g**3 - 6*g**2 + 28*g + 117. Calculate c(-8).
21
Let i(o) = -1613*o - 29. Give i(0).
-29
Let c(h) = h**3 - 10*h**2 + 20*h - 5. Calculate c(8).
27
Let r(c) = 7*c**3 - 56*c**2 - 147*c + 77. Determine r(10).
7
Let q(w) = -w**3 - 29*w**2 + 213*w + 107. Give q(-35).
2
Let d(q) = -12*q - 680. What is d(-57)?
4
Let t(w) = w**2 - 27*w - 88. What is t(30)?
2
Let i(q) = -6*q - 140. Determine i(-22).
-8
Let m(g) = -4*g**3 - 192*g**2 + 835*g + 150. Calculate m(-52).
-6
Let t(p) = -14*p**2 - 305*p - 1638. Give t(-12).
6
Let q(z) = 31*z**3 + 498*z**2 + 34*z + 29. Determine q(-16).
-3
Let t(j) = j**3 + 63*j**2 - 131*j + 6. What is t(-65)?
71
Let r(a) = -2*a**2 + 70*a - 293. Calculate r(29).
55
Let u(h) = -h**3 - 19*h**2 - 20*h + 2. Calculate u(-4).
-158
Let f(z) = -2*z**3 + 243*z**2 - 372*z + 1455. Calculate f(120).
15
Let i(v) = v**3 + 141*v**2 + 829*v + 2596. Give i(-135).
31
Let z(v) = -v**3 + 4*v**2 + 27*v - 74. Determine z(6).
16
Let c(j) = -j**3 + 28*j**2 - 118*j + 2467. Calculate c(27).
10
Let i(u) = -16*u - 14. Calculate i(-9).
130
Let n(g) = -2*g**3 - 29*g**2 + 102*g - 22. Give n(-17).
-311
Let y(h) = -3*h**3 - 14*h**2 + 5*h - 46. Give y(-6).
68
Let v(h) = h**2 - 188*h - 65. Calculate v(0).
-65
Let t(i) = 4*i**2 - 41*i - 1169. Calculate t(23).
4
Let f(t) = -t**3 - 11*t**2 + 9*t + 112. What is f(-11)?
13
Let g(i) = 12*i**3 - 7*i**2 + 2*i + 1. Determine g(-1).
-20
Let v(g) = 3*g**2 + 27*g + 1. Determine v(-8).
-23
Let j(y) = -61*y - 610. What is j(-10)?
0
Let y(h) = -28*h - 313. Determine y(-12).
23
Let d(n) = -251*n + 2024. Calculate d(8).
16
Let z(m) = 18*m + 317. Calculate z(-18).
-7
Let x(l) = l**3 + 13*l**2 + 44*l + 8. What is x(-6)?
-4
Let h(j) = -12*j + 81. What is h(5)?
21
Let l(p) = -481*p - 1929. Calculate l(-4).
-5
Let j(d) = -d**3 - 72*d**2 + 1508*d - 425. Determine j(-89).
20
Let f(v) = -61*v - 116. What is f(-2)?
6
Let h(u) = -u**3 + u**2 + 10*u + 7. Give h(0).
7
Let n(j) = 22*j - 1657. Calculate n(75).
-7
Let u(g) = -34*g**2 - 208*g - 10. What is u(-6)?
14
Let x(t) = t**3 + 16*t**2 